n 136 is divided by c.
31
Let g(j) = j**3 + 10*j**2 + 8*j + 31. Calculate the remainder when 351 is divided by g(-9).
31
Suppose -r - 2*n = -1278, -2556 = 6*r - 8*r + 2*n. Calculate the remainder when r is divided by 40.
38
Suppose 70*w - 74*w + 496 = 0. Suppose 5*h - w - 29 = -4*f, 4*f = 3*h - 111. What is the remainder when 128 is divided by h?
29
Let v = -87 + 73. What is the remainder when ((-139)/3 - (-14 - v))*-3 is divided by 28?
27
Suppose 0 = -3*w - 5*n + 281, 28 + 244 = 3*w - 4*n. What is the remainder when w is divided by (-372)/36*-1*3?
30
Let q(o) = o**3 + 12*o**2 - 17*o - 29. Let y be q(-13). Suppose -2*l + y = -199. Calculate the remainder when l is divided by 16.
15
Let v(l) = 6*l - 1. Let j = -9 + 9. Suppose 2*s - 51 = -r - 0*r, 5*s - 5 = j. Calculate the remainder when r is divided by v(3).
15
Suppose 0 = 22*s - 150 - 928. Calculate the remainder when s is divided by 26.
23
Let y be (-4)/4 - (-4 - 2). Suppose 0 = y*v - 2*i - 111, -3*v - i + 48 = 4*i. What is the remainder when 81 is divided by v?
18
Suppose -5*s = -4*j + 3*j + 25, -s + 5*j - 5 = 0. Let r = 2 - s. Suppose -469*k + 219 + 509 = -287*k. Calculate the remainder when r is divided by k.
3
Suppose -q - 5*a = -1 - 40, 3*q = 5*a + 123. What is the remainder when 95 is divided by q?
13
Let a(h) = 2*h**2 + 5*h + 3. Let n be a(-3). Let m(k) = -8*k. Let y(t) = -6*t. Let z(d) = 2*m(d) - 3*y(d). Calculate the remainder when 46 is divided by z(n).
10
Let x(d) = d**3 + 14*d**2 + 29*d - 27. What is the remainder when 100 is divided by x(-11)?
15
Let h(r) = 5*r**2 + 4*r + 5. Let t(f) = -f - 1. Let a(n) = h(n) - 3*t(n). Calculate the remainder when a(-5) is divided by 25.
23
Let l(y) = 6*y**2 - 3*y - 3. Let q be l(-1). Suppose 3*w + q + 46 = o, 2*o - 5*w = 100. What is the remainder when 157 is divided by o?
37
Suppose 9 = 4*q + 1. Let f = 251 + -131. What is the remainder when (-1)/4 - (-5)/(f/78) is divided by q?
1
Suppose -5*n - 39 = -3*w, -5*n + 49 = 2*w - 27. What is the remainder when 267/(-2)*(-6)/9 is divided by w?
20
Let l(g) = g + 4. Let p(o) = -o - 3. Let f(r) = 5*l(r) + 4*p(r). What is the remainder when -5*(-27)/(-15)*-1 is divided by f(-5)?
0
Suppose -90 = -3*w - 6. Let f be (-10)/(-2)*w/35. Suppose 3*o + 56 = f*i, 4*o - 21 + 92 = 5*i. Calculate the remainder when 42 is divided by i.
9
Suppose 11 = 6*d + 83. Let a = d + 20. What is the remainder when a is divided by 5?
3
Let h be 6/(-9) - (-66)/18. Suppose h*o - 2 = 10. Calculate the remainder when 10 is divided by o.
2
Let c be 12/16*(180 + 0). Suppose c = -3*v + 408. Suppose -71 = -3*d - 7*n + 5*n, 4*n + 111 = 5*d. What is the remainder when v is divided by d?
22
Let a(g) = -8*g**3 + g**2 - g. Let s be a(1). Let j(t) = -5 + 2 - 17 - 3*t + 12. Calculate the remainder when j(s) is divided by 10.
6
Let d(k) = -k**2 + 5*k + 5. Let g be d(6). Let u be -54*(2/(-6) + g). Let v = 122 - u. What is the remainder when v is divided by 26?
24
Suppose 0 = -18*v + 518 + 328. What is the remainder when 85 is divided by v?
38
Let u(p) = -2*p**3 + 3*p**2 - 2*p + 3. Let o be u(2). Let b(c) = -c - 12. Let t be b(o). What is the remainder when 2/t - (-536)/14 is divided by 14?
10
Suppose 0 = s, 5*s + 280 = 3*y + 97. Calculate the remainder when y is divided by 11.
6
Let m(u) = -2 + 91*u**2 + 1 - 69*u**2. What is the remainder when 81 is divided by m(1)?
18
Let o(p) = -p**3 - 7*p**2 - 6*p - 8. Let a be o(-8). Let r = a + -91. Calculate the remainder when 218 is divided by r.
10
Suppose -3*u + 43 = q - 12, -3*q + 178 = -4*u. Let g(t) = t + 12. Let f be 0/((-2)/(-1)) - -3. Calculate the remainder when q is divided by g(f).
13
Calculate the remainder when (-3)/((-6)/(-20))*-16 is divided by 54.
52
Suppose -13*h + 5*r + 144 = -9*h, 0 = 3*r. Let j = 30 + -17. Calculate the remainder when h is divided by j.
10
What is the remainder when 271 is divided by ((-6 - -8)/(-2))/((-2)/56)?
19
Let o be (-132)/5*(78/(-4) - -2). Suppose 33*k = 26*k + o. What is the remainder when k is divided by 17?
15
Suppose 5*w - 85 - 115 = 0. Suppose -17 = -3*c + 5*d, -2*c - 2*d + 16 = -3*d. Suppose -4*u + c*u - w = 0. Calculate the remainder when 22 is divided by u.
6
Let f(u) = -u**3 - 2*u**2 + 5*u + 2. Calculate the remainder when f(-4) is divided by 3.
2
Let z be (2 - 1) + (-252)/(-8 - 4). Let n be 6/3 + 1 + -21. Let s = n + z. Calculate the remainder when 13 is divided by s.
1
Suppose -2*q = -5*m - 137, 4*q + 5*m - 357 + 8 = 0. Calculate the remainder when q is divided by 29.
23
Suppose -197 - 31 = -6*n. Calculate the remainder when 143 is divided by n.
29
Suppose -84 - 186 = -5*i. Suppose 0*g + i = 2*g. Calculate the remainder when 50 is divided by g.
23
Let d(t) = 10*t - 33. Suppose 2*i = -4*u + 2*u + 78, 0 = -2*u + 5*i + 71. Let k = u + -24. What is the remainder when d(k) is divided by 27?
26
Let f = -125 - -76. Let v = -48 - f. Calculate the remainder when v is divided by 1.
0
Let n(p) = -p**2 - 6*p + 4. Let u(j) = j - 9. Let o be u(11). Let x be (o - 1)*(-5 + -1). Calculate the remainder when 9 is divided by n(x).
1
Suppose -560 = 25*d - 41*d. What is the remainder when 43 is divided by d?
8
Suppose 1186 + 410 = 19*y. What is the remainder when y is divided by 29?
26
Suppose 12*a = 1435 + 677. What is the remainder when a is divided by 18?
14
Let v be (45/(-10))/(-9)*(-1 - -181). Let a = -51 + v. What is the remainder when 75 is divided by a?
36
Suppose 458*d + 783 = 467*d. Calculate the remainder when d is divided by 46.
41
Suppose 6*v + 390 = 1146. What is the remainder when v is divided by 49?
28
Suppose 5*p + 10 - 70 = 0. Suppose -18 = -5*w + p. Let g(c) = 2*c**2 + 3*c. What is the remainder when w is divided by g(-2)?
0
Let q = -14 + 15. Suppose -z - d - q = z, -5*z = 3*d + 4. What is the remainder when 8 is divided by (1 - 2) + z - -2?
0
Suppose -254*a = -247*a - 742. What is the remainder when a is divided by 49?
8
Let y be ((-138)/(-6))/(1/2). Let m = -31 + y. What is the remainder when 55 is divided by m?
10
Suppose -a + 12 + 21 = 0. Calculate the remainder when a is divided by 17.
16
Let a(b) = 2*b**2 + b - 80. What is the remainder when 197 is divided by a(7)?
22
What is the remainder when (-45)/(-1)*(13 - (-46)/(-10)) is divided by 20?
18
Let z = 299 + -59. Suppose 0 = -6*g + 10*g - z. Suppose 4*k = -0*k + g. What is the remainder when 29 is divided by k?
14
Let x(n) = n - 6. Let z be x(6). Suppose -2*m - 3*c + 2*c + 7 = z, 4*m - 2*c = 10. What is the remainder when m is divided by 3?
0
Let z(m) = 4*m**2 - 11*m - 32. What is the remainder when 72 is divided by z(-3)?
35
Let w = -126 + 60. Let s = 80 + w. Calculate the remainder when 35 is divided by s.
7
Let r(f) = 27*f + 615. What is the remainder when r(-12) is divided by 18?
3
Let k(n) = -46*n + 97. Calculate the remainder when k(-3) is divided by 17.
14
Calculate the remainder when 20/150 - 12459/(-45) is divided by 35.
32
Calculate the remainder when (-494)/(-2) - -1 - (-55 - -47) is divided by 52.
48
Let l = 626 - 546. Calculate the remainder when 226 is divided by l.
66
Suppose -4*t + 6 = 4*f - 3*f, -5*t - 3*f = -4. Let w(s) = 5*s - 4. Let o be w(3). Let n = o - 2. What is the remainder when n is divided by t?
1
Let x(o) be the second derivative of -3*o**3/2 + 3*o. Let b(s) = -s**2 + 22*s - 42. Calculate the remainder when b(8) is divided by x(-4).
34
Suppose 2 = -f - t, 2 + 14 = -3*f - 5*t. Suppose -12 = -5*d - 3*w, -w - 12 = -f*d + 2*w. What is the remainder when 11 is divided by d?
2
Let m = 1010 + -646. Calculate the remainder when m is divided by 37.
31
Let g be (1/3)/(4/24). Suppose -g*y = 3*y. Let i = y + 17. Calculate the remainder when i is divided by 7.
3
Suppose -2*u - 2*h = -172, 2*u - 4*h - 12 = 160. Let l = u + -48. Suppose 2*r - 202 = -5*p, -r = -5*p + 2*p - 123. What is the remainder when r is divided by l?
35
Let y(u) = 3*u + 13. Suppose -h = 3*h + 48. Let k = 21 + h. What is the remainder when y(1) is divided by k?
7
Suppose 0*s = -5*s + 7*s. Suppose 10*b - 11*b + 26 = s. Calculate the remainder when b is divided by 9.
8
Let t = 403 - 289. Calculate the remainder when t is divided by 62.
52
Suppose 3*g = 47 + 1. Suppose 140*j = -j - 1291 + 7072. Calculate the remainder when j is divided by g.
9
Let b = 36 - 15. Suppose -q + b = 9. Calculate the remainder when 43 